v(s) = -54*s**2 - 9720*s + 240. Determine v(-180).
240
Let s(f) = 4*f**3 + 76*f**2 - 34*f - 587. Give s(-19).
59
Let t(g) = -1556*g + 393647. Determine t(253).
-21
Let o(t) = 2*t**3 + 5*t**2 - 493*t - 1960. Determine o(-4).
-36
Let u(r) = r**2 + 123*r + 2898. Give u(-98).
448
Let b(r) = -2*r**2 - 887*r - 18268. What is b(-422)?
-122
Let o(i) = 7420*i - 845885. Give o(114).
-5
Let g(o) = -4*o**3 + 26*o**2 + 57*o - 426. Calculate g(7).
-125
Let d(p) = 4*p**2 + 18*p - 734. What is d(-23)?
968
Let l(j) = -j**3 - 71*j**2 + 7820*j + 1123. Calculate l(60).
-1277
Let l(d) = 8*d**2 + 580*d + 414. Calculate l(-71).
-438
Let s(m) = -2*m**2 - 25*m + 970. What is s(-42)?
-1508
Let n(c) = -2*c**2 - 686*c + 22725. Determine n(32).
-1275
Let f(k) = 15591*k + 265011. Give f(-17).
-36
Let z(g) = -6*g**2 - 721*g - 16969. Determine z(-88).
15
Let k(p) = -9*p**2 - 666*p + 505. Determine k(-75).
-170
Let c(p) = 41*p - 7952. What is c(138)?
-2294
Let b(n) = -69484*n + 52738355. What is b(759)?
-1
Let o(v) = 2632*v - 26406. What is o(10)?
-86
Let m(x) = 227*x + 679. Give m(-2).
225
Let t(q) = -1603*q**3 + 1418656*q**2 - 887*q + 1764. Calculate t(885).
-6
Let w(v) = 99*v - 260. Give w(-9).
-1151
Let y(n) = -37439*n - 3818765. Determine y(-102).
13
Let h(o) = -16*o**2 - 1908*o + 9495. What is h(5)?
-445
Let n(j) = 360*j + 24816. Give n(-69).
-24
Let x(m) = 33145*m + 99433. Determine x(-3).
-2
Let c(g) = 4*g**2 - 130*g - 221. Give c(35).
129
Let k(n) = -n**3 - 9*n**2 + 271*n - 934. Give k(4).
-58
Let l(o) = -288*o - 3856. What is l(-21)?
2192
Let g(a) = -3*a**3 - 39*a**2 - 171*a - 25. Calculate g(-12).
1595
Let k(a) = 6860*a - 1495466. Determine k(218).
14
Let l(y) = 542*y + 6107. Determine l(-9).
1229
Let u(t) = 45*t**2 - 19837*t - 19842. Give u(-1).
40
Let n(f) = 83*f**2 - 388*f + 226. What is n(4)?
2
Let s(w) = -619*w**2 + 623949*w + 3013. Determine s(1008).
-11
Let n(d) = -8*d**3 + 81*d**2 + 91*d - 88. Give n(11).
66
Let f(s) = -s**2 + 4803*s + 67434. Determine f(-14).
-4
Let q(p) = 663866*p - 15268924. Give q(23).
-6
Let x(v) = -523*v + 33046. Calculate x(63).
97
Let l(t) = 22838*t + 844831. What is l(-37)?
-175
Let f(m) = -368*m + 36112. Give f(97).
416
Let h(k) = -139*k**2 + 1814*k - 32. Calculate h(13).
59
Let r(u) = 4*u**2 - 28*u - 4. What is r(22)?
1316
Let g(h) = -29691*h + 2939355. Give g(99).
-54
Let f(l) = -l**2 - 2289*l - 34118. Determine f(-15).
-8
Let m(z) = 11*z**2 + 17*z - 290. What is m(-6)?
4
Let j(y) = 2651239*y + 37117345. Determine j(-14).
-1
Let v(z) = -45*z + 1851. Give v(43).
-84
Let g(f) = f**3 - 15*f**2 - 193*f + 762. What is g(21)?
-645
Let g(b) = -b**3 - 248*b**2 + 2815*b + 322. Determine g(11).
-52
Let n(u) = -461*u + 84832. Determine n(184).
8
Let d(o) = -o**3 - 38*o**2 - 140*o + 136. Give d(-35).
1361
Let h(u) = -23609*u + 22. Calculate h(0).
22
Let b(j) = -1346*j - 22947. Determine b(-18).
1281
Let w(m) = -3*m**2 + 176*m - 11. Calculate w(44).
1925
Let k(j) = 94*j**2 - 14008*j + 739. Give k(149).
441
Let q(u) = -86*u - 168. Calculate q(1).
-254
Let t(i) = i**2 + 462*i + 48461. Determine t(-160).
141
Let v(q) = 5659*q - 22598. Give v(4).
38
Let i(d) = d**3 - 28*d**2 - 17*d + 864. Give i(28).
388
Let z(l) = 21*l**2 + 5732*l - 231. What is z(-273)?
42
Let x(p) = 2*p**3 + 57*p**2 - 2830*p - 81243. Determine x(-29).
-14
Let c(m) = -2*m**3 - 199*m**2 - 3695*m + 5823. Determine c(-74).
-23
Let w(j) = -4453*j + 699130. Determine w(157).
9
Let b(u) = 28*u**2 - 128*u - 784. Calculate b(-6).
992
Let p(l) = -4*l**2 + 215*l + 222. What is p(-1)?
3
Let u(p) = 537*p**2 - 1240*p - 1. Calculate u(1).
-704
Let r(b) = 462*b**2 + 15247*b + 19. Determine r(-33).
-14
Let c(s) = -24*s**2 - 33*s - 159. What is c(6)?
-1221
Let m(i) = -i**2 + 113*i + 14026. What is m(-75)?
-74
Let f(l) = 722*l + 477. What is f(4)?
3365
Let v(q) = 5*q**2 + 2081*q - 16998. Determine v(8).
-30
Let a(k) = -56*k**3 - 4*k**2 - 290*k + 294. Determine a(1).
-56
Let z(j) = 9*j**2 + 3737*j - 2453. Determine z(-416).
459
Let b(f) = -225377*f - 1802975. Determine b(-8).
41
Let w(f) = 206137*f + 3710440. Determine w(-18).
-26
Let d(a) = 5*a**3 - 5480*a**2 - 10958*a + 13. Give d(-2).
-31
Let b(v) = -2*v**3 - 1076*v**2 - 4331*v - 31500. Give b(-534).
6
Let w(f) = 10201*f + 265211. Give w(-26).
-15
Let w(z) = -34729*z + 5521934. Determine w(159).
23
Let u(r) = 2*r**3 + 75*r**2 - 399*r - 16139. Determine u(-37).
-7
Let i(n) = -798*n - 1939. Calculate i(-4).
1253
Let z(r) = -r**3 - 132*r**2 - 4345*r + 624. Give z(-67).
-46
Let j(h) = 347*h - 6777. Give j(19).
-184
Let u(r) = r**2 + 1054*r + 269996. Determine u(-439).
11
Let o(p) = 2*p**3 + 376*p**2 + 137*p + 26333. Calculate o(-188).
577
Let s(d) = 253*d + 5022. Calculate s(-19).
215
Let m(p) = -p**2 - 459*p + 43683. Determine m(82).
-679
Let a(c) = 4*c**2 + 290*c - 2217. Determine a(7).
9
Let w(a) = 2*a**3 + 140*a**2 - 8*a + 9513. What is w(-71)?
-1
Let n(h) = -4*h**2 + 275*h - 1898. Give n(61).
-7
Let w(u) = -1675*u**2 + 16*u + 4. Calculate w(-1).
-1687
Let o(i) = -456*i + 46980. Determine o(108).
-2268
Let j(z) = z**3 - 14*z**2 + 9798*z - 117280. Give j(12).
8
Let x(w) = -4*w**2 - 238*w - 1361. What is x(-6)?
-77
Let f(n) = 5*n**3 + 24898*n + 74692. Give f(-3).
-137
Let k(n) = 2*n**3 + 17*n**2 + 342*n + 3876. Give k(-11).
-491
Let h(q) = -93*q**3 + 37*q**2 - 142*q + 68. Determine h(3).
-2536
Let h(i) = i**3 - 32*i**2 + 942*i - 23105. What is h(28)?
135
Let c(l) = -l**3 + 49*l**2 - 159*l - 776. Give c(45).
169
Let v(r) = 9*r**3 + 413*r**2 - 94*r + 232. Give v(-46).
2440
Let c(p) = -2*p**3 - 2185*p**2 + 27625*p - 1. Determine c(-1105).
-1
Let k(o) = -o**3 - 46*o**2 - 66*o + 1036. Calculate k(-44).
68
Let z(b) = -105*b**2 - 18183*b - 3105. Give z(-173).
9
Let c(d) = 4*d**2 + 2806*d - 2804. Determine c(1).
6
Let l(m) = 2*m**2 - 911*m + 8045. Determine l(9).
8
Let a(u) = 3083*u**2 - 137*u - 133. Determine a(-1).
3087
Let p(k) = -1054*k**2 + 1081*k + 3. What is p(1)?
30
Let v(i) = i**3 + 37*i**2 + 172*i + 7. Give v(-6).
91
Let j(c) = -9240*c + 1229030. Give j(133).
110
Let o(c) = -55*c + 5615. Calculate o(117).
-820
Let l(z) = -z**3 + 270*z**2 + 1072*z - 69024. Calculate l(273).
45
Let x(r) = -1393645*r - 11149148. What is x(-8)?
12
Let v(f) = 27400*f - 54728. Determine v(2).
72
Let f(g) = -7*g**2 + 723*g - 911. Determine f(102).
7
Let z(l) = 2*l**2 + 3*l - 647. Calculate z(9).
-458
Let u(q) = -33*q**3 + 4425*q**2 - 499*q + 13009. What is u(134)?
11
Let m(h) = -h**2 + 106*h - 2801. Calculate m(52).
7
Let d(q) = -q**3 - 70*q**2 + 2376*q + 68. Give d(-95).
-27
Let m(x) = 3070*x + 33789. Determine m(-11).
19
Let m(a) = 246*a + 83413. Give m(-342).
-719
Let j(w) = -1048*w**2 + 38772*w + 84. Determine j(37).
-64
Let x(c) = 5194760*c - 51947596. What is x(10)?
4
Let t(m) = -m**3 + 12*m**2 - 490*m + 4674. Give t(10).
-26
Let m(d) = -120*d - 606. Give m(-5).
-6
Let s(j) = -18120*j + 942252. Give s(52).
12
Let m(d) = -d**3 - 13*d**2 - 8*d + 222. Calculate m(-4).
110
Let w(o) = -o**3 + 42*o**2 - 357*o + 12733. Give w(40).
1653
Let a(g) = 17739*g - 53209. What is a(3)?
8
Let s(a) = -1751*a + 1081. What is s(1)?
-670
Let r(p) = -121066*p + 36682998. Determine r(303).
0
Let u(i) = -985*i - 7899. What is u(-10)?
1951
Let g(s) = 2*s**2 + 1056*s - 64124. Calculate g(-583).
6
Let w(p) = -3207*p**2 + 70548*p + 167. Calculate w(22).
35
Let s(j) = -437*j**3 + 36704*j**2 + 335*j + 94. Determine s(84).
10
Let n(a) = a**3 + 279*a**2 - 1149*a - 1495. What is n(-283)?
3316
Let g(s) = -56*s**2 + 10*s - 1326. What is g(0)?
-1326
Let s(l) = -l**3 + l**2 - 7*l + 38. Calculate s(6).
-184
Let j(d) = -8790*d - 1643733. Determine j(-187).
-3
Let n(c) = c**3 + 43*c**2 + 292*c + 195. What is n(-35)?
-225
Let d(m) = -1651*m + 6870. Determine d(4).
266
Let i(t) = 27*t - 1900. Give i(69).
-37
Let w(t) = -329*t + 15591. What is w(48)?
-201
Let t(h) = 437*h - 70360. Give t(161).
-3
Let w(d) = d**3 + 89*d**2 - 211*d - 4957. Determine w(-91).
-2318
Let r(g) = -g**3 + 5*g**2 - 1292*g - 16142. Calculate r(-11).
6
Let p(s) = -s**2 - 846*s - 88897. What is p(-123)?
32
Let n(w) = -w**3 - 1211*w**2 + 23360*w - 12295. Calculate n(-1230).
5
Let p(v) = v**3 - 6*v**2 - 129*v + 902. What is p(7)?
48
Let g(q) = 6*q**2 + 6309*q - 6311. Determine g(1).
4
Let l(p) = -77*p**2 - 2342*p - 96. Calculate